{"id":866,"date":"2018-04-27T15:40:32","date_gmt":"2018-04-27T13:40:32","guid":{"rendered":"https:\/\/www.stephaniereiss-photographe.com\/?page_id=866"},"modified":"2018-06-28T09:22:16","modified_gmt":"2018-06-28T07:22:16","slug":"books","status":"publish","type":"page","link":"https:\/\/www.stephaniereiss-photographe.com\/en\/books\/","title":{"rendered":"Books"},"content":{"rendered":"<p>BOOKS<\/p>\n<table>\n<tbody>\n<tr>\n<td>February 2018<\/td>\n<td><strong>Catalogue r\u00e9trospective<\/strong> du peintre Jean-Paul AGOSTI<\/td>\n<\/tr>\n<tr>\n<td>June 2013<\/td>\n<td><strong>\u00ab Les virages de la Lune \u00bb<\/strong> texte sur les polychromes du peintre Marie BENDLER<\/td>\n<\/tr>\n<tr>\n<td>November 2010<\/td>\n<td><strong>Livre \u00ab Les Mains du Vin \u00bb<\/strong> aux \u00e9ditions F\u00e9ret<\/br><br \/>\nBUY ONLINE:<\/p>\n<ul>\n<li><a href=\"http:\/\/www.feret.com\/hands-of-wine.html\" target=\"_blank\">http:\/\/www.feret.com\/hands-of-wine.html<\/a><\/li>\n<\/ul>\n<p><\/br><br \/>\nMORE INFOS:<\/p>\n<ul>\n<li><a href=\"https:\/\/www.stephaniereiss-photographe.com\/wp-content\/uploads\/2018\/06\/dossier-de-presse_livre_mainsduvin.pdf\" rel=\"noopener\" target=\"_blank\">Press kit<\/a><\/li>\n<li><a href=\"https:\/\/www.stephaniereiss-photographe.com\/wp-content\/uploads\/2018\/06\/texte-sur-sreiss_journal-d-un-parfumeur.jpg\" rel=\"noopener\" target=\"_blank\">Jean-Claude Ellena talking about it in &#8220;journal d&#8217;un parfumeur&#8221;<\/a> <\/li>\n<\/ul>\n<\/td>\n<\/tr>\n<tr>\n<td>August 2002<\/td>\n<td><strong>Revue &#8220;Atlantica&#8221;<\/strong>, pas de deux pour un trois m\u00e2ts<\/td>\n<\/tr>\n<tr>\n<td>May-June 2002<\/td>\n<td><strong>Corderie Royale<\/strong> -Rochefort- exposition BELEM<\/td>\n<\/tr>\n<tr>\n<td>December 1998<\/td>\n<td><strong>Revue &#8220;Phr\u00e9atique&#8221;<\/strong>, petit pr\u00e9cis du vague<\/td>\n<\/tr>\n<tr>\n<td>September 1998<\/td>\n<td><strong>Catalogue d&#8217;exposition<\/strong> du peintre Jean-Paul AGOSTI \u00ab Jardin d\u2019Isis \u00bb<\/td>\n<\/tr>\n<tr>\n<td>November 1997<\/td>\n<td><strong>Revue &#8220;Phr\u00e9atique&#8221;<\/strong>, vis-\u00e0-vis<\/td>\n<\/tr>\n<tr>\n<td>May 1997<\/td>\n<td><strong>Exposition<\/strong> &#8220;entre art et science, la cr\u00e9ation&#8221;, Palais de la d\u00e9couverte<\/td>\n<\/tr>\n<tr>\n<td>January 1997<\/td>\n<td><strong>Catalogue d&#8217;exposition<\/strong> &#8220;entre art et sciences, la cr\u00e9ation&#8221;, Institut de France<\/td>\n<\/tr>\n<tr>\n<td>December 1996<\/td>\n<td><strong>Revue &#8220;Phr\u00e9atique&#8221;<\/strong>, langage et cr\u00e9ation<\/td>\n<\/tr>\n<tr>\n<td>October 1996<\/td>\n<td><strong>Revue &#8220;Phr\u00e9atique&#8221;<\/strong>, l&#8217;\u00e9preuve des forces<\/td>\n<\/tr>\n<tr>\n<td>July 1996<\/td>\n<td><strong>Revue &#8220;Phr\u00e9atique&#8221;<\/strong>, lieu po\u00e9tique<\/td>\n<\/tr>\n<\/tbody>\n<\/table>\n<div class=\"pixcode  pixcode--grid  grid  \">\n\n<div class=\"grid__item  six-twelfths palm-one-whole \">\n\n<p><strong>St\u00e9phanie REISS<br \/>\n<\/strong><a href=\"mailto:reiss.stephanie@gmail.com\">reiss.stephanie@gmail.com<\/a><br \/>\n+ 33 (0) 661 141 638<\/p>\n\n<\/div>\n\n<div class=\"grid__item  six-twelfths palm-one-whole \">\n\n<p>More info :<\/p>\n<ul>\n<li><a href=\"https:\/\/www.stephaniereiss-photographe.com\/en\/exhibitions\/\">Exhibitions<\/a><\/li>\n<li><a href=\"https:\/\/www.stephaniereiss-photographe.com\/en\/awards-signatures-photographies-publishing\/\">Awards \u2013 Signatures \u2013 Photographies publishing<\/a><\/li>\n<\/ul>\n\n<\/div>\n\n\n<\/div>\n\n","protected":false},"excerpt":{"rendered":"<p>BOOKS February 2018 Catalogue r\u00e9trospective du peintre Jean-Paul AGOSTI June 2013 \u00ab Les virages de la Lune \u00bb texte sur les polychromes du peintre Marie BENDLER November 2010 Livre \u00ab Les Mains du Vin \u00bb aux \u00e9ditions F\u00e9ret BUY ONLINE: http:\/\/www.feret.com\/hands-of-wine.html MORE INFOS: Press kit Jean-Claude Ellena talking about it in &#8220;journal d&#8217;un parfumeur&#8221; August 2002 Revue &#8220;Atlantica&#8221;, pas de deux pour un trois m\u00e2ts May-June 2002 Corderie Royale -Rochefort- exposition BELEM December 1998 Revue &#8220;Phr\u00e9atique&#8221;, petit pr\u00e9cis du vague September 1998 Catalogue d&#8217;exposition du peintre Jean-Paul AGOSTI \u00ab Jardin d\u2019Isis \u00bb November 1997 Revue &#8220;Phr\u00e9atique&#8221;, vis-\u00e0-vis May 1997 Exposition &#8220;entre art et science, la cr\u00e9ation&#8221;, Palais de la d\u00e9couverte January 1997 Catalogue d&#8217;exposition &#8220;entre art et sciences, la cr\u00e9ation&#8221;, Institut de France December 1996 Revue &#8220;Phr\u00e9atique&#8221;, langage et cr\u00e9ation October 1996 Revue &#8220;Phr\u00e9atique&#8221;, l&#8217;\u00e9preuve des forces July 1996 Revue &#8220;Phr\u00e9atique&#8221;, lieu po\u00e9tique<\/p>\n","protected":false},"author":1,"featured_media":1063,"parent":0,"menu_order":0,"comment_status":"closed","ping_status":"closed","template":"page-split-layout.php","meta":{"footnotes":""},"class_list":["post-866","page","type-page","status-publish","has-post-thumbnail","hentry"],"_links":{"self":[{"href":"https:\/\/www.stephaniereiss-photographe.com\/en\/wp-json\/wp\/v2\/pages\/866","targetHints":{"allow":["GET"]}}],"collection":[{"href":"https:\/\/www.stephaniereiss-photographe.com\/en\/wp-json\/wp\/v2\/pages"}],"about":[{"href":"https:\/\/www.stephaniereiss-photographe.com\/en\/wp-json\/wp\/v2\/types\/page"}],"author":[{"embeddable":true,"href":"https:\/\/www.stephaniereiss-photographe.com\/en\/wp-json\/wp\/v2\/users\/1"}],"replies":[{"embeddable":true,"href":"https:\/\/www.stephaniereiss-photographe.com\/en\/wp-json\/wp\/v2\/comments?post=866"}],"version-history":[{"count":11,"href":"https:\/\/www.stephaniereiss-photographe.com\/en\/wp-json\/wp\/v2\/pages\/866\/revisions"}],"predecessor-version":[{"id":1403,"href":"https:\/\/www.stephaniereiss-photographe.com\/en\/wp-json\/wp\/v2\/pages\/866\/revisions\/1403"}],"wp:featuredmedia":[{"embeddable":true,"href":"https:\/\/www.stephaniereiss-photographe.com\/en\/wp-json\/wp\/v2\/media\/1063"}],"wp:attachment":[{"href":"https:\/\/www.stephaniereiss-photographe.com\/en\/wp-json\/wp\/v2\/media?parent=866"}],"curies":[{"name":"wp","href":"https:\/\/api.w.org\/{rel}","templated":true}]}}

<p>BOOKS</p>
<table>
<tbody>
<tr>
<td>February 2018</td>
<td><strong>Catalogue rétrospective</strong> du peintre Jean-Paul AGOSTI</td>
</tr>
<tr>
<td>June 2013</td>
<td><strong>« Les virages de la Lune »</strong> texte sur les polychromes du peintre Marie BENDLER</td>
</tr>
<tr>
<td>November 2010</td>
<td><strong>Livre « Les Mains du Vin »</strong> aux éditions Féret</br><br />
BUY ONLINE:</p>
<ul>
<li><a href="http://www.feret.com/hands-of-wine.html" target="_blank">http://www.feret.com/hands-of-wine.html</a></li>
</ul>
<p></br><br />
MORE INFOS:</p>
<ul>
<li><a href="https://www.stephaniereiss-photographe.com/wp-content/uploads/2018/06/dossier-de-presse_livre_mainsduvin.pdf" rel="noopener" target="_blank">Press kit</a></li>
<li><a href="https://www.stephaniereiss-photographe.com/wp-content/uploads/2018/06/texte-sur-sreiss_journal-d-un-parfumeur.jpg" rel="noopener" target="_blank">Jean-Claude Ellena talking about it in &#8220;journal d&#8217;un parfumeur&#8221;</a> </li>
</ul>
</td>
</tr>
<tr>
<td>August 2002</td>
<td><strong>Revue &#8220;Atlantica&#8221;</strong>, pas de deux pour un trois mâts</td>
</tr>
<tr>
<td>May-June 2002</td>
<td><strong>Corderie Royale</strong> -Rochefort- exposition BELEM</td>
</tr>
<tr>
<td>December 1998</td>
<td><strong>Revue &#8220;Phréatique&#8221;</strong>, petit précis du vague</td>
</tr>
<tr>
<td>September 1998</td>
<td><strong>Catalogue d&#8217;exposition</strong> du peintre Jean-Paul AGOSTI « Jardin d’Isis »</td>
</tr>
<tr>
<td>November 1997</td>
<td><strong>Revue &#8220;Phréatique&#8221;</strong>, vis-à-vis</td>
</tr>
<tr>
<td>May 1997</td>
<td><strong>Exposition</strong> &#8220;entre art et science, la création&#8221;, Palais de la découverte</td>
</tr>
<tr>
<td>January 1997</td>
<td><strong>Catalogue d&#8217;exposition</strong> &#8220;entre art et sciences, la création&#8221;, Institut de France</td>
</tr>
<tr>
<td>December 1996</td>
<td><strong>Revue &#8220;Phréatique&#8221;</strong>, langage et création</td>
</tr>
<tr>
<td>October 1996</td>
<td><strong>Revue &#8220;Phréatique&#8221;</strong>, l&#8217;épreuve des forces</td>
</tr>
<tr>
<td>July 1996</td>
<td><strong>Revue &#8220;Phréatique&#8221;</strong>, lieu poétique</td>
</tr>
</tbody>
</table>
<div class="pixcode  pixcode--grid  grid  ">

<div class="grid__item  six-twelfths palm-one-whole ">

<p><strong>Stéphanie REISS<br />
</strong><a href="mailto:reiss.stephanie@gmail.com">reiss.stephanie@gmail.com</a><br />
+ 33 (0) 661 141 638</p>

</div>

<div class="grid__item  six-twelfths palm-one-whole ">

<p>More info :</p>
<ul>
<li><a href="https://www.stephaniereiss-photographe.com/en/exhibitions/">Exhibitions</a></li>
<li><a href="https://www.stephaniereiss-photographe.com/en/awards-signatures-photographies-publishing/">Awards – Signatures – Photographies publishing</a></li>
</ul>

</div>


</div>

<p>BOOKS February 2018 Catalogue rétrospective du peintre Jean-Paul AGOSTI June 2013 « Les virages de la Lune » texte sur les polychromes du peintre Marie BENDLER November 2010 Livre « Les Mains du Vin » aux éditions Féret BUY ONLINE: http://www.feret.com/hands-of-wine.html MORE INFOS: Press kit Jean-Claude Ellena talking about it in &#8220;journal d&#8217;un parfumeur&#8221; August 2002 Revue &#8220;Atlantica&#8221;, pas de deux pour un trois mâts May-June 2002 Corderie Royale -Rochefort- exposition BELEM December 1998 Revue &#8220;Phréatique&#8221;, petit précis du vague September 1998 Catalogue d&#8217;exposition du peintre Jean-Paul AGOSTI « Jardin d’Isis » November 1997 Revue &#8220;Phréatique&#8221;, vis-à-vis May 1997 Exposition &#8220;entre art et science, la création&#8221;, Palais de la découverte January 1997 Catalogue d&#8217;exposition &#8220;entre art et sciences, la création&#8221;, Institut de France December 1996 Revue &#8220;Phréatique&#8221;, langage et création October 1996 Revue &#8220;Phréatique&#8221;, l&#8217;épreuve des forces July 1996 Revue &#8220;Phréatique&#8221;, lieu poétique</p>
