{"id":828,"date":"2018-04-27T15:02:57","date_gmt":"2018-04-27T13:02:57","guid":{"rendered":"https:\/\/www.stephaniereiss-photographe.com\/?page_id=828"},"modified":"2018-06-28T09:26:20","modified_gmt":"2018-06-28T07:26:20","slug":"exhibitions","status":"publish","type":"page","link":"https:\/\/www.stephaniereiss-photographe.com\/en\/exhibitions\/","title":{"rendered":"Exhibitions"},"content":{"rendered":"<table>\n<tbody>\n<tr>\n<td>July-August 2015<\/td>\n<td><strong>Bordeaux, Margaux<\/strong> Ch\u00e2teau La Tour De Bessan, \u00ab Les Ecoliers du N\u00e9pal \u00bb<\/td>\n<\/tr>\n<tr>\n<td>June 2014<\/td>\n<td><strong>Bordeaux<\/strong> Galerie Franck Labo \u00ab Les Ecoliers du N\u00e9pal \u00bb<\/td>\n<\/tr>\n<tr>\n<td>May-June 2013<\/td>\n<td><strong>Sanary sur Mer<\/strong> Festival le Off de PHOTOMED, \u00ab L&#8217;eau fantastique \u00bb<\/td>\n<\/tr>\n<tr>\n<td>Feb-May 2013<\/td>\n<td><strong>M\u00e9doc<\/strong> Ch\u00e2teau Paloumey, Cru Bourgeois \u00ab Les Mains du Vin \u00bb<\/td>\n<\/tr>\n<tr>\n<td>April 2012<\/td>\n<td><strong>Saint-Emilion<\/strong> Ch\u00e2teau Fonroque, Grand Cru Class\u00e9 de Saint-Emilion \u00ab Les Mains du Vin \u00bb<\/td>\n<\/tr>\n<tr>\n<td>September 2011<\/td>\n<td><strong>Saint Julien Beychevelle<\/strong> Ch\u00e2teau Gruaud Larose second grand cru class\u00e9 en 1855 <strong>\u00ab Les Mains du Vin \u00bb<\/strong><\/td>\n<\/tr>\n<tr>\n<td>October 2008<\/td>\n<td><strong>Bourg sur Gironde <\/strong>concert de piano Alain Plan\u00e8s <strong>\u00ab L\u2019eau Onirique \u00bb<\/strong><\/td>\n<\/tr>\n<tr>\n<td>September 2008<\/td>\n<td><strong>Bordeaux<\/strong> Association Oc\u00e9an <strong>\u00ab L\u2019eau, source d\u2019art \u00bb<\/strong><\/td>\n<\/tr>\n<tr>\n<td>July 2008<\/td>\n<td><strong>Guistres sur Gironde <\/strong>festival Photographicofolies <strong>\u00ab R\u00eave d\u2019eau \u00bb<\/strong><\/td>\n<\/tr>\n<tr>\n<td>May 2008<\/td>\n<td><strong>Bordeaux<\/strong> Ch\u00e2teau de Bellegarde <strong>\u00ab Chant de terre \u00bb<\/strong><\/td>\n<\/tr>\n<tr>\n<td>May-July 2007<\/td>\n<td><strong>Bordeaux<\/strong> Cap-Sciences <strong>\u00ab Douceur d\u2019eau \u00bb<\/strong><\/td>\n<\/tr>\n<tr>\n<td>June-July 2006<\/td>\n<td><strong>Bordeaux<\/strong> Atelier M\u00b2 Chartrons <strong>\u00ab Soupirs \u00bb<\/strong><\/td>\n<\/tr>\n<tr>\n<td>Sept 2004 &#8211; Jan 2005<\/td>\n<td><strong>Troyes<\/strong> Parc R\u00e9gional de la For\u00eat d\u2019Orient <strong>\u00ab Lux V\u00e9g\u00e9tal \u00bb<\/strong><\/td>\n<\/tr>\n<tr>\n<td>September 2004<\/td>\n<td><strong>Saint-Malo <\/strong> Festival de l&#8217;eau <strong>\u00ab Merveille d&#8217;eau \u00bb<\/strong><\/td>\n<\/tr>\n<tr>\n<td>January 2004<\/td>\n<td><strong>Paris<\/strong> Institut Oc\u00e9anographique -Centre de la mer- <strong>\u00ab Mouvance \u00bb<\/strong><\/td>\n<\/tr>\n<tr>\n<td>September 2003<\/td>\n<td><strong>Vannes<\/strong> Festival International des Photographes de Mer <strong>\u00ab Soleil d\u2019eau\u00bb<\/strong><\/br><br \/>\n<a href=\"https:\/\/www.stephaniereiss-photographe.com\/wp-content\/uploads\/2018\/06\/img_1428.jpg\" rel=\"noopener\" target=\"_blank\">MORE INFO HERE<\/a><\/td>\n<\/tr>\n<tr>\n<td>June 2003<\/td>\n<td><strong>Ile de France<\/strong> Yacht Club <strong>\u00ab Souffle d\u2019eau \u00bb<\/strong><br \/>\n<strong>Rouen<\/strong> Armada des Grands Voiliers <strong>\u00ab Pas de deux pour trois m\u00e2ts \u00bb<\/strong><\/td>\n<\/tr>\n<tr>\n<td>January 2003<\/td>\n<td><strong>Paris<\/strong> Institut Oc\u00e9anographique -Centre de la mer- <strong>&#8220;Les grands voiliers, regards d&#8217;artistes<\/strong>&#8220;<\/td>\n<\/tr>\n<tr>\n<td>Aug-Sept 2002<\/td>\n<td><strong>Rochefort <\/strong> Corderie Royale &#8211; Centre International de la Mer &#8211; <strong>&#8220;Au del\u00e0 de l&#8217;eau, bien avant le vent&#8221; <\/strong><\/td>\n<\/tr>\n<tr>\n<td>May 2002<\/td>\n<td><strong>Chatelaillon<\/strong> <strong>&#8220;Belem&#8221; <\/strong>&#8211; artistes voyageurs &#8211;<\/td>\n<\/tr>\n<tr>\n<td>May-June 2002<\/td>\n<td><strong>Rochefort &#8211; <\/strong>Corderie Royale &#8211; Centre International de la Mer &#8211; <strong>&#8220;Belem&#8221; <\/strong>&#8211; carnets de voyages &#8211;<\/td>\n<\/tr>\n<tr>\n<td>August 1998<\/td>\n<td><strong>Antraigues<\/strong> &#8211; Festival de l&#8217;art et de la science <strong>\u00ab Sublimation \u00bb<\/strong><\/td>\n<\/tr>\n<tr>\n<td>June 1997<\/td>\n<td><strong>Paris <\/strong>&#8211; Mairie du 12<sup>\u00e8me<\/sup> arrondissement Salons des artistes contemporains <strong>\u00ab Mise \u00e0 vie \u00bb<\/strong><\/td>\n<\/tr>\n<tr>\n<td>May 1996<\/td>\n<td><strong>Paris<\/strong> &#8211; Si\u00e8ge social de HOECHST <strong>&#8220;Mati\u00e8re et Lumi\u00e8re&#8221;<\/strong><\/td>\n<\/tr>\n<tr>\n<td>February 1995<\/td>\n<td><strong>Normandie <\/strong>&#8211; Mairie de Notre Dame de Bondeville  <strong>&#8220;Mati\u00e8re et Lumi\u00e8re&#8221; <\/strong><\/td>\n<\/tr>\n<\/tbody>\n<\/table>\n<div class=\"pixcode  pixcode--grid  grid  \">\n\n<div class=\"grid__item  six-twelfths palm-one-whole \">\n\n<p><strong>St\u00e9phanie REISS<br \/>\n<\/strong><a href=\"mailto:reiss.stephanie@gmail.com\">reiss.stephanie@gmail.com<\/a><br \/>\n+ 33 (0) 661 141 638<\/p>\n\n<\/div>\n\n<div class=\"grid__item  six-twelfths palm-one-whole \">\n\n<p>More info :<\/p>\n<ul>\n<li><a href=\"https:\/\/www.stephaniereiss-photographe.com\/en\/bio\/\">Bio<\/a><\/li>\n<li><a href=\"https:\/\/www.stephaniereiss-photographe.com\/en\/awards-signatures-photographies-publishing\/\">Awards \u2013 Signatures \u2013 Photographies publishing<\/a><\/li>\n<\/ul>\n\n<\/div>\n\n\n<\/div>\n\n","protected":false},"excerpt":{"rendered":"<p>July-August 2015 Bordeaux, Margaux Ch\u00e2teau La Tour De Bessan, \u00ab Les Ecoliers du N\u00e9pal \u00bb June 2014 Bordeaux Galerie Franck Labo \u00ab Les Ecoliers du N\u00e9pal \u00bb May-June 2013 Sanary sur Mer Festival le Off de PHOTOMED, \u00ab L&#8217;eau fantastique \u00bb Feb-May 2013 M\u00e9doc Ch\u00e2teau Paloumey, Cru Bourgeois \u00ab Les Mains du Vin \u00bb April 2012 Saint-Emilion Ch\u00e2teau Fonroque, Grand Cru Class\u00e9 de Saint-Emilion \u00ab Les Mains du Vin \u00bb September 2011 Saint Julien Beychevelle Ch\u00e2teau Gruaud Larose second grand cru class\u00e9 en 1855 \u00ab Les Mains du Vin \u00bb October 2008 Bourg sur Gironde concert de piano Alain Plan\u00e8s \u00ab L\u2019eau Onirique \u00bb September 2008 Bordeaux Association Oc\u00e9an \u00ab L\u2019eau, source d\u2019art \u00bb July 2008 Guistres sur Gironde festival Photographicofolies \u00ab R\u00eave d\u2019eau \u00bb May 2008 Bordeaux Ch\u00e2teau de Bellegarde \u00ab Chant de terre \u00bb May-July 2007 Bordeaux Cap-Sciences \u00ab Douceur d\u2019eau \u00bb June-July 2006 Bordeaux Atelier M\u00b2 Chartrons..<\/p>\n","protected":false},"author":1,"featured_media":1062,"parent":0,"menu_order":0,"comment_status":"closed","ping_status":"closed","template":"page-split-layout.php","meta":{"footnotes":""},"class_list":["post-828","page","type-page","status-publish","has-post-thumbnail","hentry"],"_links":{"self":[{"href":"https:\/\/www.stephaniereiss-photographe.com\/en\/wp-json\/wp\/v2\/pages\/828","targetHints":{"allow":["GET"]}}],"collection":[{"href":"https:\/\/www.stephaniereiss-photographe.com\/en\/wp-json\/wp\/v2\/pages"}],"about":[{"href":"https:\/\/www.stephaniereiss-photographe.com\/en\/wp-json\/wp\/v2\/types\/page"}],"author":[{"embeddable":true,"href":"https:\/\/www.stephaniereiss-photographe.com\/en\/wp-json\/wp\/v2\/users\/1"}],"replies":[{"embeddable":true,"href":"https:\/\/www.stephaniereiss-photographe.com\/en\/wp-json\/wp\/v2\/comments?post=828"}],"version-history":[{"count":9,"href":"https:\/\/www.stephaniereiss-photographe.com\/en\/wp-json\/wp\/v2\/pages\/828\/revisions"}],"predecessor-version":[{"id":1410,"href":"https:\/\/www.stephaniereiss-photographe.com\/en\/wp-json\/wp\/v2\/pages\/828\/revisions\/1410"}],"wp:featuredmedia":[{"embeddable":true,"href":"https:\/\/www.stephaniereiss-photographe.com\/en\/wp-json\/wp\/v2\/media\/1062"}],"wp:attachment":[{"href":"https:\/\/www.stephaniereiss-photographe.com\/en\/wp-json\/wp\/v2\/media?parent=828"}],"curies":[{"name":"wp","href":"https:\/\/api.w.org\/{rel}","templated":true}]}}

<table>
<tbody>
<tr>
<td>July-August 2015</td>
<td><strong>Bordeaux, Margaux</strong> Château La Tour De Bessan, « Les Ecoliers du Népal »</td>
</tr>
<tr>
<td>June 2014</td>
<td><strong>Bordeaux</strong> Galerie Franck Labo « Les Ecoliers du Népal »</td>
</tr>
<tr>
<td>May-June 2013</td>
<td><strong>Sanary sur Mer</strong> Festival le Off de PHOTOMED, « L&#8217;eau fantastique »</td>
</tr>
<tr>
<td>Feb-May 2013</td>
<td><strong>Médoc</strong> Château Paloumey, Cru Bourgeois « Les Mains du Vin »</td>
</tr>
<tr>
<td>April 2012</td>
<td><strong>Saint-Emilion</strong> Château Fonroque, Grand Cru Classé de Saint-Emilion « Les Mains du Vin »</td>
</tr>
<tr>
<td>September 2011</td>
<td><strong>Saint Julien Beychevelle</strong> Château Gruaud Larose second grand cru classé en 1855 <strong>« Les Mains du Vin »</strong></td>
</tr>
<tr>
<td>October 2008</td>
<td><strong>Bourg sur Gironde </strong>concert de piano Alain Planès <strong>« L’eau Onirique »</strong></td>
</tr>
<tr>
<td>September 2008</td>
<td><strong>Bordeaux</strong> Association Océan <strong>« L’eau, source d’art »</strong></td>
</tr>
<tr>
<td>July 2008</td>
<td><strong>Guistres sur Gironde </strong>festival Photographicofolies <strong>« Rêve d’eau »</strong></td>
</tr>
<tr>
<td>May 2008</td>
<td><strong>Bordeaux</strong> Château de Bellegarde <strong>« Chant de terre »</strong></td>
</tr>
<tr>
<td>May-July 2007</td>
<td><strong>Bordeaux</strong> Cap-Sciences <strong>« Douceur d’eau »</strong></td>
</tr>
<tr>
<td>June-July 2006</td>
<td><strong>Bordeaux</strong> Atelier M² Chartrons <strong>« Soupirs »</strong></td>
</tr>
<tr>
<td>Sept 2004 &#8211; Jan 2005</td>
<td><strong>Troyes</strong> Parc Régional de la Forêt d’Orient <strong>« Lux Végétal »</strong></td>
</tr>
<tr>
<td>September 2004</td>
<td><strong>Saint-Malo </strong> Festival de l&#8217;eau <strong>« Merveille d&#8217;eau »</strong></td>
</tr>
<tr>
<td>January 2004</td>
<td><strong>Paris</strong> Institut Océanographique -Centre de la mer- <strong>« Mouvance »</strong></td>
</tr>
<tr>
<td>September 2003</td>
<td><strong>Vannes</strong> Festival International des Photographes de Mer <strong>« Soleil d’eau»</strong></br><br />
<a href="https://www.stephaniereiss-photographe.com/wp-content/uploads/2018/06/img_1428.jpg" rel="noopener" target="_blank">MORE INFO HERE</a></td>
</tr>
<tr>
<td>June 2003</td>
<td><strong>Ile de France</strong> Yacht Club <strong>« Souffle d’eau »</strong><br />
<strong>Rouen</strong> Armada des Grands Voiliers <strong>« Pas de deux pour trois mâts »</strong></td>
</tr>
<tr>
<td>January 2003</td>
<td><strong>Paris</strong> Institut Océanographique -Centre de la mer- <strong>&#8220;Les grands voiliers, regards d&#8217;artistes</strong>&#8220;</td>
</tr>
<tr>
<td>Aug-Sept 2002</td>
<td><strong>Rochefort </strong> Corderie Royale &#8211; Centre International de la Mer &#8211; <strong>&#8220;Au delà de l&#8217;eau, bien avant le vent&#8221; </strong></td>
</tr>
<tr>
<td>May 2002</td>
<td><strong>Chatelaillon</strong> <strong>&#8220;Belem&#8221; </strong>&#8211; artistes voyageurs &#8211;</td>
</tr>
<tr>
<td>May-June 2002</td>
<td><strong>Rochefort &#8211; </strong>Corderie Royale &#8211; Centre International de la Mer &#8211; <strong>&#8220;Belem&#8221; </strong>&#8211; carnets de voyages &#8211;</td>
</tr>
<tr>
<td>August 1998</td>
<td><strong>Antraigues</strong> &#8211; Festival de l&#8217;art et de la science <strong>« Sublimation »</strong></td>
</tr>
<tr>
<td>June 1997</td>
<td><strong>Paris </strong>&#8211; Mairie du 12<sup>ème</sup> arrondissement Salons des artistes contemporains <strong>« Mise à vie »</strong></td>
</tr>
<tr>
<td>May 1996</td>
<td><strong>Paris</strong> &#8211; Siège social de HOECHST <strong>&#8220;Matière et Lumière&#8221;</strong></td>
</tr>
<tr>
<td>February 1995</td>
<td><strong>Normandie </strong>&#8211; Mairie de Notre Dame de Bondeville  <strong>&#8220;Matière et Lumière&#8221; </strong></td>
</tr>
</tbody>
</table>
<div class="pixcode  pixcode--grid  grid  ">

<div class="grid__item  six-twelfths palm-one-whole ">

<p><strong>Stéphanie REISS<br />
</strong><a href="mailto:reiss.stephanie@gmail.com">reiss.stephanie@gmail.com</a><br />
+ 33 (0) 661 141 638</p>

</div>

<div class="grid__item  six-twelfths palm-one-whole ">

<p>More info :</p>
<ul>
<li><a href="https://www.stephaniereiss-photographe.com/en/bio/">Bio</a></li>
<li><a href="https://www.stephaniereiss-photographe.com/en/awards-signatures-photographies-publishing/">Awards – Signatures – Photographies publishing</a></li>
</ul>

</div>


</div>

<p>July-August 2015 Bordeaux, Margaux Château La Tour De Bessan, « Les Ecoliers du Népal » June 2014 Bordeaux Galerie Franck Labo « Les Ecoliers du Népal » May-June 2013 Sanary sur Mer Festival le Off de PHOTOMED, « L&#8217;eau fantastique » Feb-May 2013 Médoc Château Paloumey, Cru Bourgeois « Les Mains du Vin » April 2012 Saint-Emilion Château Fonroque, Grand Cru Classé de Saint-Emilion « Les Mains du Vin » September 2011 Saint Julien Beychevelle Château Gruaud Larose second grand cru classé en 1855 « Les Mains du Vin » October 2008 Bourg sur Gironde concert de piano Alain Planès « L’eau Onirique » September 2008 Bordeaux Association Océan « L’eau, source d’art » July 2008 Guistres sur Gironde festival Photographicofolies « Rêve d’eau » May 2008 Bordeaux Château de Bellegarde « Chant de terre » May-July 2007 Bordeaux Cap-Sciences « Douceur d’eau » June-July 2006 Bordeaux Atelier M² Chartrons..</p>
